ase 7) to base 8.
-2217
Convert a624 (base 11) to base 15.
4277
Convert -2610 (base 15) to base 13.
-3903
-6b5 (base 15) to base 2
-10111110000
Convert 664 (base 13) to base 6.
5024
Convert -2427 (base 10) to base 14.
-c55
What is -db (base 14) in base 13?
-11b
What is 5460 (base 8) in base 11?
2174
-110000 (base 3) to base 10
-324
What is 4455 (base 6) in base 2?
10000010011
What is 11021012 (base 3) in base 9?
4235
What is 637 (base 9) in base 3?
201021
What is -1614 (base 7) in base 11?
-53a
-538 (base 12) to base 7
-2141
Convert -1675b (base 13) to base 3.
-2011222200
Convert de (base 15) to base 12.
155
Convert -229 (base 15) to base 8.
-751
Convert 40011 (base 5) to base 11.
1979
121203 (base 4) to base 14
84b
Convert 2001200 (base 3) to base 9.
2050
-2280 (base 9) to base 7
-4635
Convert -4304 (base 15) to base 8.
-33543
Convert 31c (base 13) to base 9.
651
-12224 (base 7) to base 10
-3203
Convert 202210 (base 5) to base 15.
1e20
58 (base 13) to base 16
49
What is -1001100000 (base 2) in base 10?
-608
-4430 (base 5) to base 16
-267
-1271 (base 9) to base 6
-4231
-55024 (base 7) to base 9
-20754
What is -8220 (base 11) in base 6?
-122304
What is -12144 (base 5) in base 11?
-770
What is -101110011 (base 2) in base 12?
-26b
Convert 3061 (base 8) to base 11.
1211
What is 3650 (base 7) in base 4?
111032
-b60 (base 16) to base 5
-43122
Convert -4a (base 13) to base 2.
-111110
3405 (base 9) to base 7
10223
101000011000011 (base 2) to base 15
61d5
Convert 20114 (base 5) to base 11.
a68
Convert -301 (base 9) to base 8.
-364
158 (base 14) to base 8
422
What is -25126 (base 8) in base 13?
-4c19
-10010111101 (base 2) to base 14
-629
What is 777 (base 15) in base 4?
122113
11111010010000 (base 2) to base 5
1003031
Convert 241400 (base 5) to base 10.
8975
Convert -210 (base 4) to base 6.
-100
What is 112021 (base 3) in base 2?
110000001
14563 (base 8) to base 4
1211303
Convert 51732 (base 8) to base 16.
53da
What is -10113 (base 6) in base 2?
-10100111101
What is 33551 (base 10) in base 15?
9e1b
443 (base 11) to base 10
531
Convert 1111 (base 4) to base 13.
67
Convert 10222 (base 5) to base 9.
843
Convert -258d (base 15) to base 8.
-17510
-1183 (base 12) to base 4
-132303
Convert -52205 (base 6) to base 8.
-15515
What is 10111111010011 (base 2) in base 16?
2fd3
What is 20839 (base 10) in base 6?
240251
Convert 3332 (base 6) to base 5.
11101
-4131 (base 10) to base 15
-1356
Convert -2000211 (base 3) to base 2.
-10111001000
130 (base 8) to base 6
224
What is 897 (base 11) in base 2?
10000110010
Convert -2875 (base 10) to base 9.
-3844
Convert -5800 (base 9) to base 13.
-1c53
Convert 13da (base 15) to base 5.
114010
20121 (base 3) to base 10
178
-244 (base 15) to base 4
-20002
What is -9b9 (base 14) in base 12?
-1147
2c24 (base 13) to base 10
6452
Convert -22233 (base 4) to base 14.
-371
What is 6ff (base 16) in base 14?
91d
What is -40430 (base 5) in base 11?
-1a68
Convert -3604 (base 7) to base 16.
-52f
Convert -22140 (base 5) to base 12.
-a89
-2400304 (base 5) to base 10
-43829
Convert 5d9 (base 15) to base 14.
6ad
What is -666 (base 7) in base 12?
-246
5c1 (base 16) to base 5
21343
Convert 101110010 (base 2) to base 12.
26a
What is -14172 (base 12) in base 15?
-83d8
What is -32144 (base 9) in base 13?
-98a7
Convert -32022023 (base 4) to base 16.
-e28b
What is -10112012 (base 3) in base 11?
-1a27
310345 (base 6) to base 16
60b9
What is 222 (base 10) in base 3?
22020
What is -375 (base 9) in base 12?
-21b
What is 404 (base 8) in base 16?
104
Convert -102111120 (base 3) to base 11.
-6333
Convert 401 (base 7) to base 10.
197
131122 (base 4) to base 7
5326
221120201 (base 3) to base 6
222201
Convert -2452 (base 7) to base 13.
-559
-6251 (base 8) to base 7
-12310
What is 294 (base 14) in base 12?
376
What is 1b2 (base 15) in base 7?
1100
Convert 35319 (base 10) to base 3.
1210110010
What is 167 (base 13) in base 15?
11e
What is -226566 (base 8) in base 12?
-387b2
Convert -33675 (base 10) to base 4.
-20032023
What is -4660 (base 7) in base 3?
-2100021
30341 (base 5) to base 14
a0b
What is 121000020 (base 3) in base 12?
6906
20122 (base 4) to base 13
325
Convert -52625 (base 7) to base 12.
-7638
-1146 (base 14) to base 13
-149c
Convert -14064 (base 7) to base 12.
-2263
What is -142 (base 16) in base 5?
-2242
-240 (base 14) to base 7
-1210
What is -1211220020 (base 3) in base 9?
-54806
Convert 73b5 (base 12) to base 11.
9574
Convert 64003 (base 7) to base 13.
724c
What is -220121 (base 4) in base 3?
-10112202
What is 20233 (base 5) in base 16?
526
19a (base 16) to base 4
12122
Convert 351 (base 15) to base 10.
751
-287 (base 16) to base 5
-10042
Convert 127d (base 16) to base 11.
3613
-1b (base 15) to base 11
-24
Convert -184 (base 12) to base 5.
-1434
What is -101001101000000 (base 2) in base 3?
-1002020100
Convert -111011101101011 (base 2) to base 11.
-20a72
-24cb (base 14) to base 6
-45511
-5452 (base 7) to base 14
-9d2
-174 (base 15) to base 13
-1c9
What is -30400 (base 6) in base 7?
-14520
-1727 (base 10) to base 9
-2328
5555 (base 8) to base 10
2925
What is 136 (base 14) in base 13?
15a
Convert -1010000111111 (base 2) to base 16.
-143f
430043 (base 6) to base 4
20203023
What is -b81 (base 13) in base 15?
-8ae
What is -254 (base 14) in base 11?
-394
-41a (base 14) to base 3
-1002221
Convert 119 (base 14) to base 15.
e9
Convert -2557 (base 10) to base 3.
-10111201
-1000010100001 (base 2) to base 15
-13dc
146 (base 11) to base 14
c3
What is -100010001001011 (base 2) in base 14?
-652b
-5db (base 15) to base 8
-2463
1129 (base 16) to base 8
10451
Convert 516 (base 8) to base 3.
110101
Convert -24341 (base 9) to base 4.
-3332332
Convert 210021 (base 3) to base 11.
482
-585 (base 14) to base 15
-4d2
What is -103333100 (base 4) in base 3?
-11011022022
45320 (base 8) to base 12
b100
What is -8614 (base 9) in base 16?
-18bb
Convert 15254 (base 10) to base 8.
35626
What is -cd (base 15) in base 4?
-3001
3250 (base 6) to base 9
1023
-513 (base 12) to base 2
-1011011111
20014 (base 5) to base 12
88b
What is 5514 (base 10) in base 6?
41310
Convert -1010 (base 5) to base 6.
-334
Convert 231a1 (base 11) to base 4.
20023203
What is 120103 (base 4) in base 16?
613
Convert -1010010111110 (base 2) to base 11.
-3a98
Convert -465 (base 13) to base 5.
-11014
What is 1001111000101 (base 2) in base 4?
1033011
What is 1001011011010 (base 2) in base 12?
2962
-5123 (base 16) to base 15
-624b
Convert 3435 (base 11) to base 8.
10643
Convert -1070 (base 16) to base 7.
-15161
Convert -2402 (base 6) to base 4.
-21002
-2416 (base 8) to base 16
-50e
What is -11228 (base 9) in base 10?
-7478
What is 110711 (base 8) in base 12?
19721
-10634 (base 8) to base 3
-20011222
-46a (base 12) to base 11
-549
What is 96b (base 12) in base 3?
1220002
-4aa4 (base 13) to base 12
-6184
14c7 (base 15) to base 4
1011232
Convert -716 (base 10) to base 7.
-2042
Convert 376 (base 14) to base 8.
1264
Convert 4b89 (base 13) to base 8.
25010
Convert -18018 (base 9) to base 6.
-133242
Convert 1000011010000100 (base 2) to base 13.
1289c
Convert -1043003 (base 6) to base 15.
-10846
d7 (base 14) to base 3
21000
-2273 (base 12) to base 2
-111011110111
Convert -19048 (base 13) to base 4.
-23310022
What is -1c30 (base 15) in base 9?
-8350
-51650 (base 8) to base 12
-10488
Convert -141030 (base 5) to base 7.
-22544
What is 1925 (base 15) in base 13?
2621
Convert -12022323 (base 4) to base 3.
-1021200010
What is 7baf (base 16) in base 12?
163a7
315a (base 16) to base 12
738a
895 (base 14) to base 13
a09
210 (base 4) to base 7
51
What is -2765 (base 9) in base 6?
-13352
Convert 25 (base 13) to base 9.
34
122212 (base 3) to base 5
3412
101012010 (base 3) to base 16
1d04
-384 (base 13) to base 11
-50a
3162 (base 7) to base 13
684
What is -1001010011 (base 2) in base 12?
-417
-1002030 (base 4) to base 12
-2550
What is -5747 (base 8) in base 15?
-d82
Convert -8261 (base 9) to base 5.
-143144
Convert -9dc (base 16) to base 9.
-3414
Convert -135513 (base 6) to base 2.
-11001010000101
1076 (base 16) to base 14
1770
21237 (base 8) to base 13
405a
What is -11046 (base 9) in base 4?
-1302210
8400 (base 13) to base 2
100011101001100
What is 2003134 (base 5) in base 12?
163b1
What is 4271 (base 10) in base 11?
3233
Convert -40